e 2.
-101110101
What is -321110 (base 5) in base 8?
-25034
21268 (base 10) to base 11
14a85
What is -17753 (base 8) in base 15?
-264b
Convert -202203 (base 6) to base 14.
-5bd1
Convert 4174 (base 15) to base 5.
420314
32531 (base 7) to base 16
1fdc
Convert -1b2 (base 14) to base 11.
-2a0
Convert 60 (base 12) to base 7.
132
What is -11403 (base 6) in base 5?
-23114
-1239 (base 11) to base 9
-2184
What is -10011112 (base 3) in base 15?
-a3e
Convert -1424524 (base 6) to base 10.
-81412
What is -18df (base 16) in base 14?
-246b
What is 988c (base 14) in base 13?
c01b
What is 1201001 (base 4) in base 11?
4735
-10470 (base 8) to base 14
-186c
-1798a (base 13) to base 11
-31272
Convert -143024 (base 6) to base 9.
-20617
Convert -100000100110 (base 2) to base 8.
-4046
Convert 30312213 (base 4) to base 5.
3141042
What is -3724 (base 11) in base 6?
-34310
74232 (base 8) to base 6
354534
Convert 1512025 (base 6) to base 16.
154f1
Convert -1130 (base 7) to base 3.
-120022
75 (base 16) to base 9
140
What is 1103354 (base 6) in base 8?
153666
What is 159b (base 14) in base 12?
2299
1bc44 (base 13) to base 5
3223222
What is 3313 (base 10) in base 13?
167b
What is 1010010010010 (base 2) in base 14?
1cc2
What is -331231 (base 4) in base 11?
-2a70
-61c0 (base 15) to base 8
-50257
-1891 (base 10) to base 9
-2531
What is -51306 (base 7) in base 4?
-3003111
77216 (base 8) to base 6
405554
What is -11011101011111 (base 2) in base 4?
-3131133
-3242 (base 5) to base 6
-2023
a003 (base 15) to base 3
1201022010
Convert -59a (base 13) to base 9.
-1300
-37851 (base 10) to base 8
-111733
What is -461 (base 15) in base 7?
-2614
-3551 (base 6) to base 9
-1154
Convert -233266 (base 7) to base 6.
-522224
What is -144 (base 16) in base 6?
-1300
What is -1163 (base 9) in base 16?
-363
15577 (base 8) to base 3
100122201
What is 202214 (base 6) in base 3?
211001001
What is -1373 (base 9) in base 3?
-1102110
What is 186 (base 10) in base 7?
354
-784 (base 11) to base 16
-3ab
5084 (base 16) to base 13
94c7
Convert 587 (base 13) to base 2.
1110111100
What is 74a3 (base 11) in base 3?
111121012
What is -21241 (base 10) in base 13?
-988c
232 (base 5) to base 16
43
Convert 14 (base 14) to base 7.
24
Convert -91a (base 12) to base 8.
-2446
What is -42c (base 14) in base 2?
-1100111000
What is -22443 (base 9) in base 5?
-434233
726 (base 10) to base 15
336
Convert -ad0 (base 15) to base 7.
-10062
What is -1233 (base 5) in base 10?
-193
Convert 26c (base 15) to base 16.
228
-112024 (base 5) to base 14
-166a
What is -1100110101010 (base 2) in base 10?
-6570
-30433 (base 7) to base 4
-1303333
What is -501c (base 13) in base 2?
-10101100000010
552 (base 7) to base 12
1b6
Convert -1122 (base 10) to base 15.
-4ec
-f66 (base 16) to base 5
-111232
Convert -38682 (base 11) to base 6.
-1104231
Convert 432433 (base 6) to base 7.
205521
What is 1079 (base 13) in base 3?
10011002
What is 4a3a (base 16) in base 14?
6cd4
Convert 10230 (base 5) to base 9.
846
-168 (base 11) to base 12
-143
What is 288 (base 12) in base 11?
327
6c (base 15) to base 4
1212
Convert 7745 (base 9) to base 8.
13117
Convert -5d27 (base 14) to base 16.
-3faf
What is -2cbca (base 13) in base 9?
-140262
Convert 13225 (base 8) to base 12.
3419
Convert -267 (base 15) to base 3.
-202021
What is -16066 (base 8) in base 5?
-212342
What is -6251 (base 9) in base 7?
-16234
-884 (base 10) to base 13
-530
11 (base 2) to base 14
3
Convert -2011 (base 7) to base 13.
-415
What is -4141 (base 7) in base 15?
-66a
-17402 (base 8) to base 5
-223223
1133210 (base 4) to base 8
13744
Convert 4305 (base 7) to base 11.
1166
What is 1000011110 (base 2) in base 4?
20132
11302 (base 5) to base 13
4b8
-3111 (base 7) to base 6
-5010
Convert -752 (base 10) to base 7.
-2123
Convert 1f73 (base 16) to base 4.
1331303
Convert 24554 (base 6) to base 12.
215a
411012 (base 5) to base 3
200012000
Convert -1011011001000 (base 2) to base 12.
-3460
What is 250 (base 13) in base 10?
403
1f (base 16) to base 4
133
Convert 43 (base 6) to base 11.
25
2443 (base 6) to base 9
740
Convert 2501 (base 8) to base 7.
3631
994 (base 10) to base 8
1742
-22 (base 16) to base 3
-1021
What is -1ad (base 15) in base 11?
-323
Convert -1530 (base 11) to base 14.
-a09
Convert 644 (base 15) to base 8.
2606
1c4c5 (base 13) to base 7
321400
-1243 (base 11) to base 6
-11300
Convert 13002211 (base 4) to base 13.
10183
What is 232 (base 12) in base 13?
1c1
What is 1021202001 (base 3) in base 7?
133561
What is -240a6 (base 12) in base 5?
-3023020
What is -1012332 (base 4) in base 11?
-345a
1368 (base 13) to base 10
2790
907 (base 11) to base 8
2110
Convert 51424 (base 6) to base 12.
3b74
-100011001 (base 2) to base 14
-161
What is -4448 (base 11) in base 3?
-22001001
-3140 (base 12) to base 3
-21101010
12120212 (base 3) to base 7
14606
52 (base 7) to base 15
27
2010020 (base 3) to base 4
120021
What is -91 (base 16) in base 3?
-12101
What is 600 (base 11) in base 4?
23112
Convert 6766 (base 8) to base 14.
1434
Convert 223 (base 4) to base 14.
31
What is 10000 (base 2) in base 12?
14
-11122222 (base 3) to base 15
-101b
What is -cb9 (base 13) in base 4?
-202010
Convert -4033 (base 9) to base 2.
-101110000010
What is 134540 (base 6) in base 10?
12732
83 (base 10) to base 11
76
What is -23055 (base 6) in base 2?
-110011001011
What is -9863 (base 12) in base 15?
-4e89
Convert -10541 (base 11) to base 4.
-3232323
Convert -1120202112 (base 3) to base 12.
-16058
What is 723 (base 12) in base 13?
618
What is 2cc (base 13) in base 8?
772
Convert -1646 (base 10) to base 15.
-74b
Convert 48026 (base 9) to base 14.
b9ac
What is -156534 (base 8) in base 13?
-1ca41
What is -111001001110 (base 2) in base 5?
-104122
Convert -200314 (base 5) to base 11.
-4839
Convert 323 (base 4) to base 16.
3b
What is -2011 (base 3) in base 13?
-46
-101101010 (base 2) to base 6
-1402
Convert 12227 (base 10) to base 3.
121202212
-5c5 (base 13) to base 12
-6ba
Convert 1100120 (base 3) to base 6.
4323
What is -220550 (base 7) in base 6?
-455052
Convert 23111 (base 5) to base 9.
2240
5706 (base 12) to base 15
2cd9
Convert 21222022 (base 3) to base 7.
22643
-33301 (base 5) to base 7
-6532
What is 34b9 (base 16) in base 7?
54231
-b6 (base 16) to base 12
-132
Convert -3c18 (base 14) to base 11.
-7a72
What is -1729 (base 11) in base 4?
-202201
What is 4ce (base 15) in base 5?
13334
Convert 14323 (base 6) to base 4.
203223
Convert 100120 (base 3) to base 9.
316
Convert 1122 (base 7) to base 5.
3113
What is 35154 (base 7) in base 8?
21456
What is -172 (base 14) in base 13?
-19a
What is 1a7 (base 11) in base 7?
460
-87b9 (base 12) to base 8
-35175
What is 24307 (base 11) in base 8?
104240
What is -89b4 (base 13) in base 6?
-225032
487 (base 10) to base 7
1264
1432 (base 7) to base 14
2c2
a9a (base 15) to base 8
4533
What is -4107 (base 11) in base 16?
-154c
37282 (base 12) to base 16
123c2
What is 1002122211 (base 3) in base 12?
1061a
What is 576 (base 9) in base 10?
474
Convert -300412 (base 5) to base 12.
-55a2
What is d820 (base 16) in base 4?
31200200
Convert 227652 (base 8) to base 15.
18078
What is 35352 (base 6) in base 10?
5108
What is 257 (base 12) in base 14?
1b5
-2a2 (base 14) to base 3
-201210
What is 210020 (base 3) in base 8?
1075
Convert -1054 (base 9) to base 12.
-54a
2e7 (base 15) to base 12
477
Convert d070 (base 14) to base 13.
13387
-2475 (base 9) to base 8
-3472
What is 33524 (base 10) in base 16?
82f4
Convert 982 (base 12) to base 14.
718
What is 401 (base 5) in base 16?
65
What is 2225 (base 9) in base 4?
121223
14aab (base 12) to base 2
111001000100011
10021202110 (base 3) to base 9
107673
Convert 1111210 (base 3) to base 15.
4d6
What is -1212121 (base 3) in base 4?
-111112
100000001000 (base 2) to base 11
15aa
What is 1ae (base 15) in base 10?
389
Convert -12d74 (base 15) to base 2.
-1110101111111001
-30 (base 5) to base 7
-21
What is 13310 (base 5) in base 10?
1080
Convert 1011000100 (base 2) to base 14.
388
211201 (base 3) to base 2
1001100101
Convert 1d4 (base 14) to base 7.
1054
Convert -2101210111 (base 3) to base 12.
-23404
-15b (base 14) to base 13
-184
What is 1716 (base 11) in base 10?
2195
Convert 2112141 (base 5) to base 15.
a6d1
-1ad6 (base 15) to base 14
-21a2
What is 442 (base 12) in base 16?
2